{"id":29,"date":"2024-02-08T13:44:27","date_gmt":"2024-02-08T12:44:27","guid":{"rendered":"https:\/\/sadreseda.fr\/?page_id=29"},"modified":"2026-02-18T12:51:50","modified_gmt":"2026-02-18T11:51:50","slug":"nos-tarifs","status":"publish","type":"page","link":"https:\/\/sadreseda.fr\/index.php\/nos-tarifs\/","title":{"rendered":"Nos Tarifs"},"content":{"rendered":"\t\t<div data-elementor-type=\"wp-page\" data-elementor-id=\"29\" class=\"elementor elementor-29\" data-elementor-post-type=\"page\">\n\t\t\t\t<div class=\"elementor-element elementor-element-b8a13e4 e-flex e-con-boxed e-con e-parent\" data-id=\"b8a13e4\" data-element_type=\"container\" data-e-type=\"container\">\n\t\t\t\t\t<div class=\"e-con-inner\">\n\t\t\t\t<div class=\"elementor-element elementor-element-fa1c539 elementor-widget elementor-widget-html\" data-id=\"fa1c539\" data-element_type=\"widget\" data-e-type=\"widget\" data-widget_type=\"html.default\">\n\t\t\t\t<div class=\"elementor-widget-container\">\n\t\t\t\t\t<div class=\"nos-tarifs\">\r\n    <h1>Nos Tarifs<\/h1>\r\n    \r\n    <p>Les prestations sont payantes. Une prise en charge financi\u00e8re, totale ou partielle, des interventions peut \u00e9maner :<\/p>\r\n    <ul>\r\n        <li>&#8594; du Conseil D\u00e9partemental (CD)<\/li>\r\n        <li>&#8594; de la CPAM, la MSA ou la CAF<\/li>\r\n        <li>&#8594; de votre caisse de retraite<\/li>\r\n        <li>&#8594; de votre mutuelle ou de votre assurance multirisques accidents de la vie<\/li>\r\n    <\/ul>\r\n\r\n    <p>R\u00e9s\u00e9da est habilit\u00e9 \u00e0 l\u2019Aide Sociale, ce qui signifie que le tarif Allocation Personnalis\u00e9e d\u2019Autonomie (APA) et Prestation de Compensation du Handicap (PCH) sont fix\u00e9s par arr\u00eat\u00e9 du D\u00e9partemental (CD). Cette habilitation vous garantit qu\u2019aucun frais suppl\u00e9mentaire n\u2019est demand\u00e9, en dehors du \u201cticket mod\u00e9rateur\u201d, \u00e9galement d\u00e9termin\u00e9 par le CD. Seul le reste \u00e0 charge est \u00e0 r\u00e9gler chaque mois.<\/p>\r\n\r\n    <p>A d\u00e9faut d\u2019une prise en charge par l\u2019un de ces organismes, le co\u00fbt de la prestation est en totalit\u00e9 assum\u00e9 par vos soins, dans le cadre des prestations de service. Les \u00e9ventuelles d\u00e9penses que vous engagez vous donnent droit \u00e0 un cr\u00e9dit d\u2019imp\u00f4t de 50%.<\/p>\r\n\r\n    \r\n\r\n    <div class=\"container\">\r\n        <!-- Section Tarifs -->\r\n        <div class=\"section tarifs\">\r\n            <h2>Tarifs au 1er Janvier 2026<\/h2>\r\n            <ul>\r\n                <li>&#8594; APA, PCH : 25 \u20ac<\/li>\r\n                <li>&#8594; ASE, PMI : 30,09 \u20ac<\/li>\r\n                <li>&#8594; CNRACL : 26,80 \u20ac<\/li>\r\n                <li>&#8594; MSA : 26,80 \u20ac<\/li>\r\n                <li>&#8594; CARSAT : 32 \u20ac (34,53 \u20ac dimanches et jours f\u00e9ri\u00e9s)<\/li>\r\n                <li>&#8594; Prestation de service : 30,09 \u20ac (34,53 \u20ac dimanches et jours f\u00e9ri\u00e9s)<\/li>\r\n                <li>&#8594; Garde malade \u00e0 domicile (soins palliatifs) : 34,53 \u20ac<\/li>\r\n                <li>&#8594; CAF : le reste \u00e0 charge varie en fonction de votre quotient familial entre 0,13 et 11,88 \u20ac<\/li>\r\n                <li>&#8594; D\u00e9placement, transport \u00e0 la demande de la personne (courses, m\u00e9decin,\u2026) : 0,69 \u20ac\/Km<\/li>\r\n            <\/ul>\r\n            <p>Ces tarifs horaires sont susceptibles d\u2019\u00eatre modifi\u00e9s en cours d\u2019ann\u00e9e. Ils s\u2019entendent AVANT d\u00e9duction fiscale de 50% sur votre reste \u00e0 charge.<\/p>\r\n        <\/div>\r\n\r\n        <!-- Section Bon \u00e0 savoir -->\r\n        <div class=\"section info\">\r\n            <h2>Bon \u00e0 savoir<\/h2>\r\n            <p>L\u2019habilitation \u00e0 l\u2019Aide Sociale constitue une r\u00e9elle plus-value en termes de qualit\u00e9 et de s\u00e9curit\u00e9 d\u2019accompagnement : le service rend compte et fait l\u2019objet de contr\u00f4les par ses autorit\u00e9s de tarification.<\/p>\r\n        <\/div>\r\n    <\/div>\r\n<\/div>\r\n\r\n<style>\r\n    \/* Conteneur principal *\/\r\n    .nos-tarifs {\r\n        font-family: Arial, sans-serif;\r\n    }\r\n\r\n    .nos-tarifs h1, .nos-tarifs h2 {\r\n        color: #333;\r\n    }\r\n\r\n    .nos-tarifs p, .nos-tarifs ul {\r\n        list-style-type: none;\r\n        font-size: 1em;\r\n        color: #555;\r\n    }\r\n\r\n    \/* Conteneur des sections *\/\r\n    .container {\r\n        display: flex;\r\n        gap: 30px;\r\n        flex-wrap: wrap;\r\n    }\r\n\r\n    .section {\r\n        width: 48%;\r\n        background-color: #f9f9f9;\r\n        padding: 20px;\r\n        border-radius: 8px;\r\n        box-shadow: 0 2px 8px rgba(0, 0, 0, 0.1);\r\n    }\r\n\r\n    .section h2 {\r\n        font-size: 1.5em;\r\n        margin-bottom: 15px;\r\n    }\r\n\r\n    .section ul {\r\n        list-style-type: none;\r\n        padding-left: 20px;\r\n    }\r\n\r\n    .section li {\r\n        margin-bottom: 5px;\r\n    }\r\n\r\n    \/* Style sp\u00e9cifique pour la section \"Bon \u00e0 savoir\" *\/\r\n    .info {\r\n        background-color: #f4f4f4;\r\n    }\r\n\r\n    .section p {\r\n        font-size: 1em;\r\n        margin-bottom: 15px;\r\n    }\r\n\r\n    \/* Media query pour les \u00e9crans plus petits (mobile) *\/\r\n    @media (max-width: 768px) {\r\n        .container {\r\n            flex-direction: column;\r\n        }\r\n\r\n        .section {\r\n            width: 100%;\r\n        }\r\n    }\r\n<\/style>\r\n\t\t\t\t<\/div>\n\t\t\t\t<\/div>\n\t\t\t\t\t<\/div>\n\t\t\t\t<\/div>\n\t\t\t\t<\/div>\n\t\t","protected":false},"excerpt":{"rendered":"<p>Nos Tarifs Les prestations sont payantes. Une prise en charge financi\u00e8re, totale ou partielle, des interventions peut \u00e9maner : &#8594; du Conseil D\u00e9partemental (CD) &#8594; de la CPAM, la MSA ou la CAF &#8594; de votre caisse de retraite &#8594; de votre mutuelle ou de votre assurance multirisques accidents de la vie R\u00e9s\u00e9da est habilit\u00e9 [&hellip;]<\/p>\n","protected":false},"author":1,"featured_media":0,"parent":0,"menu_order":0,"comment_status":"closed","ping_status":"closed","template":"","meta":{"footnotes":""},"class_list":["post-29","page","type-page","status-publish","hentry","entry"],"_links":{"self":[{"href":"https:\/\/sadreseda.fr\/index.php\/wp-json\/wp\/v2\/pages\/29","targetHints":{"allow":["GET"]}}],"collection":[{"href":"https:\/\/sadreseda.fr\/index.php\/wp-json\/wp\/v2\/pages"}],"about":[{"href":"https:\/\/sadreseda.fr\/index.php\/wp-json\/wp\/v2\/types\/page"}],"author":[{"embeddable":true,"href":"https:\/\/sadreseda.fr\/index.php\/wp-json\/wp\/v2\/users\/1"}],"replies":[{"embeddable":true,"href":"https:\/\/sadreseda.fr\/index.php\/wp-json\/wp\/v2\/comments?post=29"}],"version-history":[{"count":34,"href":"https:\/\/sadreseda.fr\/index.php\/wp-json\/wp\/v2\/pages\/29\/revisions"}],"predecessor-version":[{"id":445,"href":"https:\/\/sadreseda.fr\/index.php\/wp-json\/wp\/v2\/pages\/29\/revisions\/445"}],"wp:attachment":[{"href":"https:\/\/sadreseda.fr\/index.php\/wp-json\/wp\/v2\/media?parent=29"}],"curies":[{"name":"wp","href":"https:\/\/api.w.org\/{rel}","templated":true}]}}

<div data-elementor-type="wp-page" data-elementor-id="29" class="elementor elementor-29" data-elementor-post-type="page">
				<div class="elementor-element elementor-element-b8a13e4 e-flex e-con-boxed e-con e-parent" data-id="b8a13e4" data-element_type="container" data-e-type="container">
					<div class="e-con-inner">
				<div class="elementor-element elementor-element-fa1c539 elementor-widget elementor-widget-html" data-id="fa1c539" data-element_type="widget" data-e-type="widget" data-widget_type="html.default">
				<div class="elementor-widget-container">
					<div class="nos-tarifs">
    <h1>Nos Tarifs</h1>
    
    <p>Les prestations sont payantes. Une prise en charge financière, totale ou partielle, des interventions peut émaner :</p>
    <ul>
        <li>&#8594; du Conseil Départemental (CD)</li>
        <li>&#8594; de la CPAM, la MSA ou la CAF</li>
        <li>&#8594; de votre caisse de retraite</li>
        <li>&#8594; de votre mutuelle ou de votre assurance multirisques accidents de la vie</li>
    </ul>

    <p>Réséda est habilité à l’Aide Sociale, ce qui signifie que le tarif Allocation Personnalisée d’Autonomie (APA) et Prestation de Compensation du Handicap (PCH) sont fixés par arrêté du Départemental (CD). Cette habilitation vous garantit qu’aucun frais supplémentaire n’est demandé, en dehors du “ticket modérateur”, également déterminé par le CD. Seul le reste à charge est à régler chaque mois.</p>

    <p>A défaut d’une prise en charge par l’un de ces organismes, le coût de la prestation est en totalité assumé par vos soins, dans le cadre des prestations de service. Les éventuelles dépenses que vous engagez vous donnent droit à un crédit d’impôt de 50%.</p>

    

    <div class="container">
        <!-- Section Tarifs -->
        <div class="section tarifs">
            <h2>Tarifs au 1er Janvier 2026</h2>
            <ul>
                <li>&#8594; APA, PCH : 25 €</li>
                <li>&#8594; ASE, PMI : 30,09 €</li>
                <li>&#8594; CNRACL : 26,80 €</li>
                <li>&#8594; MSA : 26,80 €</li>
                <li>&#8594; CARSAT : 32 € (34,53 € dimanches et jours fériés)</li>
                <li>&#8594; Prestation de service : 30,09 € (34,53 € dimanches et jours fériés)</li>
                <li>&#8594; Garde malade à domicile (soins palliatifs) : 34,53 €</li>
                <li>&#8594; CAF : le reste à charge varie en fonction de votre quotient familial entre 0,13 et 11,88 €</li>
                <li>&#8594; Déplacement, transport à la demande de la personne (courses, médecin,…) : 0,69 €/Km</li>
            </ul>
            <p>Ces tarifs horaires sont susceptibles d’être modifiés en cours d’année. Ils s’entendent AVANT déduction fiscale de 50% sur votre reste à charge.</p>
        </div>

        <!-- Section Bon à savoir -->
        <div class="section info">
            <h2>Bon à savoir</h2>
            <p>L’habilitation à l’Aide Sociale constitue une réelle plus-value en termes de qualité et de sécurité d’accompagnement : le service rend compte et fait l’objet de contrôles par ses autorités de tarification.</p>
        </div>
    </div>
</div>

<style>
    /* Conteneur principal */
    .nos-tarifs {
        font-family: Arial, sans-serif;
    }

    .nos-tarifs h1, .nos-tarifs h2 {
        color: #333;
    }

    .nos-tarifs p, .nos-tarifs ul {
        list-style-type: none;
        font-size: 1em;
        color: #555;
    }

    /* Conteneur des sections */
    .container {
        display: flex;
        gap: 30px;
        flex-wrap: wrap;
    }

    .section {
        width: 48%;
        background-color: #f9f9f9;
        padding: 20px;
        border-radius: 8px;
        box-shadow: 0 2px 8px rgba(0, 0, 0, 0.1);
    }

    .section h2 {
        font-size: 1.5em;
        margin-bottom: 15px;
    }

    .section ul {
        list-style-type: none;
        padding-left: 20px;
    }

    .section li {
        margin-bottom: 5px;
    }

    /* Style spécifique pour la section "Bon à savoir" */
    .info {
        background-color: #f4f4f4;
    }

    .section p {
        font-size: 1em;
        margin-bottom: 15px;
    }

    /* Media query pour les écrans plus petits (mobile) */
    @media (max-width: 768px) {
        .container {
            flex-direction: column;
        }

        .section {
            width: 100%;
        }
    }
</style>
				</div>
				</div>
					</div>
				</div>
				</div>

<p>Nos Tarifs Les prestations sont payantes. Une prise en charge financière, totale ou partielle, des interventions peut émaner : &#8594; du Conseil Départemental (CD) &#8594; de la CPAM, la MSA ou la CAF &#8594; de votre caisse de retraite &#8594; de votre mutuelle ou de votre assurance multirisques accidents de la vie Réséda est habilité [&hellip;]</p>
